{"id":12,"date":"2017-03-06T18:26:24","date_gmt":"2017-03-06T18:26:24","guid":{"rendered":"http:\/\/tourismus-oste.de\/info\/?page_id=12"},"modified":"2017-04-17T13:45:26","modified_gmt":"2017-04-17T13:45:26","slug":"gastgeber","status":"publish","type":"page","link":"https:\/\/tourismus-oste.de\/info\/gastgeber\/","title":{"rendered":"Gastgeber"},"content":{"rendered":"<hr \/>\n<h6><strong>Hotels<\/strong><\/h6>\n<div class='catablog-catalog'><div class='catablog-row hotel'>\n\t<div class=\"catablog-images-column\">\n\t\t<a href='https:\/\/tourismus-oste.de\/info\/wp-content\/uploads\/catablog\/originals\/dummy_gastgeber-2.jpg' class='catablog-image' target='extern' rel='nofollow'><img src=\"https:\/\/tourismus-oste.de\/info\/wp-content\/uploads\/catablog\/thumbnails\/dummy_gastgeber-2.jpg\" alt=\"\" \/><\/a>\n\t\t\n\t<\/div>\n\t\n\t<h3 class='catablog-title'><a href='https:\/\/www.geesthof.de\/das-erleben-sie\/restaurant' target='extern' rel='nofollow'>Hotel und Restaurant Raubritter<\/a><\/h3>\n\t\n\t<div class=\"catablog-description\">\n\t\t<p>Am Ferienpark 1, 21755 Hechthausen<br \/>\r\nTel: 04774 512, Fax: 04774 9178<br \/>\r\nEntfernung zur Oste 0,0 Km, Anleger,<br \/>\r\nEntfernung zum Kreidesee-Tauchstation 11,2 Km<\/p>\n\t\t\n\t<\/div>\n\t\n<\/div><div class='catablog-row hotel'>\n\t<div class=\"catablog-images-column\">\n\t\t<a href='https:\/\/tourismus-oste.de\/info\/wp-content\/uploads\/catablog\/originals\/dummy_gastgeber-3.jpg' class='catablog-image' target='extern' rel='nofollow'><img src=\"https:\/\/tourismus-oste.de\/info\/wp-content\/uploads\/catablog\/thumbnails\/dummy_gastgeber-3.jpg\" alt=\"\" \/><\/a>\n\t\t\n\t<\/div>\n\t\n\t<h3 class='catablog-title'><a href='http:\/\/www.hoerstensmeier.de\/' target='extern' rel='nofollow'>Hotel und Restaurant Zur Linde<\/a><\/h3>\n\t\n\t<div class=\"catablog-description\">\n\t\t<p>Basbeckerstr. 14, 21755 Hechthausen<br \/>\r\nTel: 04774 991161, Fax: 04774 991163<br \/>\r\nEntfernung zur Oste > 1 Km,<br \/>\r\nEntfernung zum Kreidesee-Tauchstation 7,2 Km, Trockenraum<\/p>\n\t\t\n\t<\/div>\n\t\n<\/div><\/div><div class='catablog-navigation'><span class='catablog-navigation-link catablog-first-page-link catablog-disabled'><\/span> <\/div>\n<hr \/>\n<p><strong>Ferienh\u00e4user<\/strong><br \/>\n<div class='catablog-catalog'><div class='catablog-row ferienhaeuser'>\n\t<div class=\"catablog-images-column\">\n\t\t<a href='https:\/\/tourismus-oste.de\/info\/wp-content\/uploads\/catablog\/originals\/120160919201609191gig_0648_1.jpg' class='catablog-image' target='extern' rel='nofollow'><img src=\"https:\/\/tourismus-oste.de\/info\/wp-content\/uploads\/catablog\/thumbnails\/120160919201609191gig_0648_1.jpg\" alt=\"\" \/><\/a>\n\t\t<a href='https:\/\/tourismus-oste.de\/info\/wp-content\/uploads\/catablog\/originals\/tv_ecke_2.jpg' class='catablog-subimage catablog-image'><img src=\"https:\/\/tourismus-oste.de\/info\/wp-content\/uploads\/catablog\/thumbnails\/tv_ecke_2.jpg\" \/><\/a><a href='https:\/\/tourismus-oste.de\/info\/wp-content\/uploads\/catablog\/originals\/201608021gig_9347_3.jpg' class='catablog-subimage catablog-image'><img src=\"https:\/\/tourismus-oste.de\/info\/wp-content\/uploads\/catablog\/thumbnails\/201608021gig_9347_3.jpg\" \/><\/a><a href='https:\/\/tourismus-oste.de\/info\/wp-content\/uploads\/catablog\/originals\/201609151gig_0433a_4.jpg' class='catablog-subimage catablog-image'><img src=\"https:\/\/tourismus-oste.de\/info\/wp-content\/uploads\/catablog\/thumbnails\/201609151gig_0433a_4.jpg\" \/><\/a>\n\t<\/div>\n\t\n\t<h3 class='catablog-title'><a href='https:\/\/www.geesthof.de\/' target='extern' rel='nofollow'>Ferienpark Geesthof<\/a><\/h3>\n\t\n\t<div class=\"catablog-description\">\n\t\t<p>Am Ferienpark 1, 21755 Hechthausen<br \/>\r\nTel: 04774 512, Fax: 04774 9178<br \/>\r\nEntfernung zur Oste 0,0 Km, Anleger,<br \/>\r\nEntfernung zum Kreidesee-Tauchstation 11,2 Km, Trockenraum<\/p>\n\t\t\n\t<\/div>\n\t\n<\/div><div class='catablog-row ferienhaeuser'>\n\t<div class=\"catablog-images-column\">\n\t\t<a href='https:\/\/tourismus-oste.de\/info\/wp-content\/uploads\/catablog\/originals\/dummy_gastgeber-5.jpg' class='catablog-image' target='extern' rel='nofollow'><img src=\"https:\/\/tourismus-oste.de\/info\/wp-content\/uploads\/catablog\/thumbnails\/dummy_gastgeber-5.jpg\" alt=\"\" \/><\/a>\n\t\t\n\t<\/div>\n\t\n\t<h3 class='catablog-title'><a href='http:\/\/www.kreidesee.de\/' target='extern' rel='nofollow'>Ferienpark Kreidesee<\/a><\/h3>\n\t\n\t<div class=\"catablog-description\">\n\t\t<p>Cuxhavener Str. 1, 21745 Hemmoor<br \/>\r\nTel: 04771 688868, Fax: 04771 688869<br \/>\r\nEntfernung zur Oste > 1 Km,<br \/>\r\nEntfernung zum Kreidesee-Tauchstation 0,0 Km, Trockenraum<\/p>\n\t\t\n\t<\/div>\n\t\n<\/div><div class='catablog-row ferienhaeuser'>\n\t<div class=\"catablog-images-column\">\n\t\t<a href='https:\/\/tourismus-oste.de\/info\/wp-content\/uploads\/catablog\/originals\/img_0678.png' class='catablog-image' target='extern' rel='nofollow'><img src=\"https:\/\/tourismus-oste.de\/info\/wp-content\/uploads\/catablog\/thumbnails\/img_0678.png\" alt=\"\" \/><\/a>\n\t\t\n\t<\/div>\n\t\n\t<h3 class='catablog-title'><a href='http:\/\/www.ferienhaus.oste.de\/' target='extern' rel='nofollow'>Ferienhaus am R\u00f6nndeich<\/a><\/h3>\n\t\n\t<div class=\"catablog-description\">\n\t\t<p>Am R\u00f6nndeich 28, 21706 Drochtersen-H\u00fcll<br \/>\r\nTel: 04771 887225, Mobil: 0172 4215624<br \/>\r\nEntfernung zur Oste < 1 Km,<br \/>\r\nEntfernung zum Kreidesee-Tauchstation 8,4 Km<\/p>\n\t\t\n\t<\/div>\n\t\n<\/div><div class='catablog-row ferienhaeuser'>\n\t<div class=\"catablog-images-column\">\n\t\t<a href='https:\/\/tourismus-oste.de\/info\/wp-content\/uploads\/catablog\/originals\/2-1600_1.jpg' class='catablog-image' target='extern' rel='nofollow'><img src=\"https:\/\/tourismus-oste.de\/info\/wp-content\/uploads\/catablog\/thumbnails\/2-1600_1.jpg\" alt=\"\" \/><\/a>\n\t\t<a href='https:\/\/tourismus-oste.de\/info\/wp-content\/uploads\/catablog\/originals\/10-1-1600_2.jpg' class='catablog-subimage catablog-image'><img src=\"https:\/\/tourismus-oste.de\/info\/wp-content\/uploads\/catablog\/thumbnails\/10-1-1600_2.jpg\" \/><\/a><a href='https:\/\/tourismus-oste.de\/info\/wp-content\/uploads\/catablog\/originals\/img_2324_3.jpg' class='catablog-subimage catablog-image'><img src=\"https:\/\/tourismus-oste.de\/info\/wp-content\/uploads\/catablog\/thumbnails\/img_2324_3.jpg\" \/><\/a><a href='https:\/\/tourismus-oste.de\/info\/wp-content\/uploads\/catablog\/originals\/ruderboot-1600_4.jpg' class='catablog-subimage catablog-image'><img src=\"https:\/\/tourismus-oste.de\/info\/wp-content\/uploads\/catablog\/thumbnails\/ruderboot-1600_4.jpg\" \/><\/a><a href='https:\/\/tourismus-oste.de\/info\/wp-content\/uploads\/catablog\/originals\/11-1-1600_5.jpg' class='catablog-subimage catablog-image'><img src=\"https:\/\/tourismus-oste.de\/info\/wp-content\/uploads\/catablog\/thumbnails\/11-1-1600_5.jpg\" \/><\/a>\n\t<\/div>\n\t\n\t<h3 class='catablog-title'><a href='https:\/\/www.gaestehaus-muehlenhof.de\/' target='extern' rel='nofollow'>G\u00e4stehaus M\u00fchlenhof<\/a><\/h3>\n\t\n\t<div class=\"catablog-description\">\n\t\t<p>Alte F\u00e4hrstra\u00dfe 8, 21755 Hechthausen<br \/>\r\nTel.: 04774 991390<br \/>\r\nEntfernung zur Oste 0,0 Km,<br \/>\r\nEntfernung zum Kreidesee-Tauchstation 14,1 Km<\/p>\n\t\t\n\t<\/div>\n\t\n<\/div><\/div><div class='catablog-navigation'><span class='catablog-navigation-link catablog-first-page-link catablog-disabled'><\/span> <\/div><\/p>\n<hr \/>\n<p><strong>Ferienwohnungen<\/strong><br \/>\n<div class='catablog-catalog'><div class='catablog-row ferienwohnungen'>\n\t<div class=\"catablog-images-column\">\n\t\t<a href='https:\/\/tourismus-oste.de\/info\/wp-content\/uploads\/catablog\/originals\/s4300015_1.jpg' class='catablog-image' target='extern' rel='nofollow'><img src=\"https:\/\/tourismus-oste.de\/info\/wp-content\/uploads\/catablog\/thumbnails\/s4300015_1.jpg\" alt=\"\" \/><\/a>\n\t\t<a href='https:\/\/tourismus-oste.de\/info\/wp-content\/uploads\/catablog\/originals\/s4300005_2.jpg' class='catablog-subimage catablog-image'><img src=\"https:\/\/tourismus-oste.de\/info\/wp-content\/uploads\/catablog\/thumbnails\/s4300005_2.jpg\" \/><\/a><a href='https:\/\/tourismus-oste.de\/info\/wp-content\/uploads\/catablog\/originals\/s4300002_3.jpg' class='catablog-subimage catablog-image'><img src=\"https:\/\/tourismus-oste.de\/info\/wp-content\/uploads\/catablog\/thumbnails\/s4300002_3.jpg\" \/><\/a>\n\t<\/div>\n\t\n\t<h3 class='catablog-title'><a href='http:\/\/www.ferienwohnung-goldene-brezel.de\/' target='extern' rel='nofollow'>Goldene Brezel Karla Ahlf und Edda Gerdes<\/a><\/h3>\n\t\n\t<div class=\"catablog-description\">\n\t\t<p>Am Markt 3, 21756 Osten<br \/>\r\nTel.: 04771 2148<br \/>\r\nEntfernung zur Oste 0,2 Km,<br \/>\r\nEntfernung zum Kreidesee-Tauchstation 5,3 Km<\/p>\n\t\t\n\t<\/div>\n\t\n<\/div><div class='catablog-row ferienwohnungen'>\n\t<div class=\"catablog-images-column\">\n\t\t<a href='https:\/\/tourismus-oste.de\/info\/wp-content\/uploads\/catablog\/originals\/dummy_gastgeber-7.jpg' class='catablog-image' target='extern' rel='nofollow'><img src=\"https:\/\/tourismus-oste.de\/info\/wp-content\/uploads\/catablog\/thumbnails\/dummy_gastgeber-7.jpg\" alt=\"\" \/><\/a>\n\t\t\n\t<\/div>\n\t\n\t<h3 class='catablog-title'><a href='http:\/\/www.buchberger-ferienwohnungen.de\/' target='extern' rel='nofollow'>Jens Buchberger<\/a><\/h3>\n\t\n\t<div class=\"catablog-description\">\n\t\t<p>M\u00fchlenstr.5, 21745 Hemmoor<br \/>\r\nTel: 04771 889646, Fax: 04771 889645<br \/>\r\nEntfernung zur Oste < 1 Km,<br \/>\r\nEntfernung zum Kreidesee-Tauchstation < 1 Km<\/p>\n\t\t\n\t<\/div>\n\t\n<\/div><div class='catablog-row ferienwohnungen'>\n\t<div class=\"catablog-images-column\">\n\t\t<a href='https:\/\/tourismus-oste.de\/info\/wp-content\/uploads\/catablog\/originals\/dummy_gastgeber-10.jpg' class='catablog-image' target='extern' rel='nofollow'><img src=\"https:\/\/tourismus-oste.de\/info\/wp-content\/uploads\/catablog\/thumbnails\/dummy_gastgeber-10.jpg\" alt=\"\" \/><\/a>\n\t\t\n\t<\/div>\n\t\n\t<h3 class='catablog-title'><a href='http:\/\/www.kreidesee.de\/' target='extern' rel='nofollow'>Ferienpark Kreidesee<\/a><\/h3>\n\t\n\t<div class=\"catablog-description\">\n\t\t<p>Cuxhavener Str. 1, 21745 Hemmoor<br \/>\r\nTel: 04771 688868, Fax: 04771 688869<br \/>\r\nEntfernung zur Oste > 1 Km,<br \/>\r\nEntfernung zum Kreidesee-Tauchstation 0,0 Km, Trockenraum<\/p>\n\t\t\n\t<\/div>\n\t\n<\/div><div class='catablog-row ferienwohnungen'>\n\t<div class=\"catablog-images-column\">\n\t\t<a href='https:\/\/tourismus-oste.de\/info\/wp-content\/uploads\/catablog\/originals\/img_2324_3-2.jpg' class='catablog-image' target='extern' rel='nofollow'><img src=\"https:\/\/tourismus-oste.de\/info\/wp-content\/uploads\/catablog\/thumbnails\/img_2324_3-2.jpg\" alt=\"\" \/><\/a>\n\t\t<a href='https:\/\/tourismus-oste.de\/info\/wp-content\/uploads\/catablog\/originals\/10-1-1600_2-2.jpg' class='catablog-subimage catablog-image'><img src=\"https:\/\/tourismus-oste.de\/info\/wp-content\/uploads\/catablog\/thumbnails\/10-1-1600_2-2.jpg\" \/><\/a><a href='https:\/\/tourismus-oste.de\/info\/wp-content\/uploads\/catablog\/originals\/2-1600_1-2.jpg' class='catablog-subimage catablog-image'><img src=\"https:\/\/tourismus-oste.de\/info\/wp-content\/uploads\/catablog\/thumbnails\/2-1600_1-2.jpg\" \/><\/a><a href='https:\/\/tourismus-oste.de\/info\/wp-content\/uploads\/catablog\/originals\/ruderboot-1600_4-2.jpg' class='catablog-subimage catablog-image'><img src=\"https:\/\/tourismus-oste.de\/info\/wp-content\/uploads\/catablog\/thumbnails\/ruderboot-1600_4-2.jpg\" \/><\/a><a href='https:\/\/tourismus-oste.de\/info\/wp-content\/uploads\/catablog\/originals\/11-1-1600_5-2.jpg' class='catablog-subimage catablog-image'><img src=\"https:\/\/tourismus-oste.de\/info\/wp-content\/uploads\/catablog\/thumbnails\/11-1-1600_5-2.jpg\" \/><\/a>\n\t<\/div>\n\t\n\t<h3 class='catablog-title'><a href='https:\/\/www.gaestehaus-muehlenhof.de\/' target='extern' rel='nofollow'>G\u00e4stewohnung M\u00fchlenhof<\/a><\/h3>\n\t\n\t<div class=\"catablog-description\">\n\t\t<p>Alte F\u00e4hrstra\u00dfe 8, 21755 Hechthausen<br \/>\r\nTel.: 04774 991390<br \/>\r\nEntfernung zur Oste 0,0 Km,<br \/>\r\nEntfernung zum Kreidesee-Tauchstation 14,1 Km<\/p>\n\t\t\n\t<\/div>\n\t\n<\/div><div class='catablog-row ferienwohnungen'>\n\t<div class=\"catablog-images-column\">\n\t\t<a href='https:\/\/tourismus-oste.de\/info\/wp-content\/uploads\/catablog\/originals\/dummy_gastgeber-12.jpg' class='catablog-image' target='extern' rel='nofollow'><img src=\"https:\/\/tourismus-oste.de\/info\/wp-content\/uploads\/catablog\/thumbnails\/dummy_gastgeber-12.jpg\" alt=\"\" \/><\/a>\n\t\t\n\t<\/div>\n\t\n\t<h3 class='catablog-title'><a href='http:\/\/www.fewo-landhaus.de\/Landhaus-Schliecker' target='extern' rel='nofollow'>Landhaus Schliecker<\/a><\/h3>\n\t\n\t<div class=\"catablog-description\">\n\t\t<p>Altendorfer Grenzweg 3, 21706 Drochtersen-H\u00fcll<br \/>\r\nTel: 04775 663, Fax: 04775 8215<br \/>\r\nEntfernung zur Oste > 1 Km,<br \/>\r\nEntfernung zum Kreidesee-Tauchstation 9,7 Km<\/p>\n\t\t\n\t<\/div>\n\t\n<\/div><div class='catablog-row ferienwohnungen'>\n\t<div class=\"catablog-images-column\">\n\t\t<a href='https:\/\/tourismus-oste.de\/info\/wp-content\/uploads\/catablog\/originals\/dummy_gastgeber-13.jpg' class='catablog-image' target='extern' rel='nofollow'><img src=\"https:\/\/tourismus-oste.de\/info\/wp-content\/uploads\/catablog\/thumbnails\/dummy_gastgeber-13.jpg\" alt=\"\" \/><\/a>\n\t\t\n\t<\/div>\n\t\n\t<h3 class='catablog-title'><a href='http:\/\/www.ferienwohnung-teilmann.de\/' target='extern' rel='nofollow'>H. J. und H. Teilmann<\/a><\/h3>\n\t\n\t<div class=\"catablog-description\">\n\t\t<p>Georgsweg 7, 21745 Hemmoor<br \/>\r\nTel: 04771 2106<br \/>\r\nEntfernung zur Oste > 1 Km,<br \/>\r\nEntfernung zum Kreidesee-Tauchstation 4,3 Km<\/p>\n\t\t\n\t<\/div>\n\t\n<\/div><div class='catablog-row ferienwohnungen'>\n\t<div class=\"catablog-images-column\">\n\t\t<a href='https:\/\/tourismus-oste.de\/info\/wp-content\/uploads\/catablog\/originals\/dummy_gastgeber-14.jpg' class='catablog-image' target='extern' rel='nofollow'><img src=\"https:\/\/tourismus-oste.de\/info\/wp-content\/uploads\/catablog\/thumbnails\/dummy_gastgeber-14.jpg\" alt=\"\" \/><\/a>\n\t\t\n\t<\/div>\n\t\n\t<h3 class='catablog-title'><a href='http:\/\/www.osteperle.de\/' target='extern' rel='nofollow'>Ferienwohnung Osteperle Brigitte Z\u00fchlke<\/a><\/h3>\n\t\n\t<div class=\"catablog-description\">\n\t\t<p>Deichstr. 19, 21756 Osten<br \/>\r\nTel\/Fax: 04771 4225<br \/>\r\nEntfernung zur Oste 0,1 Km,<br \/>\r\nEntfernung zum Kreidesee-Tauchstation 5,1 Km<\/p>\n\t\t\n\t<\/div>\n\t\n<\/div><\/div><div class='catablog-navigation'><span class='catablog-navigation-link catablog-first-page-link catablog-disabled'><\/span> <\/div><\/p>\n<hr \/>\n<p><strong>Campingpl\u00e4tze<\/strong><br \/>\n<div class='catablog-catalog'><div class='catablog-row campingplaetze'>\n\t<div class=\"catablog-images-column\">\n\t\t<a href='https:\/\/tourismus-oste.de\/info\/wp-content\/uploads\/catablog\/originals\/dummy_gastgeber-15.jpg' class='catablog-image' target='extern' rel='nofollow'><img src=\"https:\/\/tourismus-oste.de\/info\/wp-content\/uploads\/catablog\/thumbnails\/dummy_gastgeber-15.jpg\" alt=\"\" \/><\/a>\n\t\t\n\t<\/div>\n\t\n\t<h3 class='catablog-title'><a href='https:\/\/www.geesthof.de\/' target='extern' rel='nofollow'>Ferienpark Geesthof<\/a><\/h3>\n\t\n\t<div class=\"catablog-description\">\n\t\t<p>Am Ferienpark 1, 21755 Hechthausen<br \/>\r\nTel: 04774 512, Fax: 04774 9178<br \/>\r\nEntfernung zur Oste 0,0 Km, Anleger,<br \/>\r\nEntfernung zum Kreidesee-Tauchstation 11,2 Km, Trockenraum<\/p>\n\t\t\n\t<\/div>\n\t\n<\/div><div class='catablog-row campingplaetze'>\n\t<div class=\"catablog-images-column\">\n\t\t<a href='https:\/\/tourismus-oste.de\/info\/wp-content\/uploads\/catablog\/originals\/dummy_gastgeber-16.jpg' class='catablog-image' target='extern' rel='nofollow'><img src=\"https:\/\/tourismus-oste.de\/info\/wp-content\/uploads\/catablog\/thumbnails\/dummy_gastgeber-16.jpg\" alt=\"\" \/><\/a>\n\t\t\n\t<\/div>\n\t\n\t<h3 class='catablog-title'><a href='https:\/\/www.kreideseetaucher.de\/' target='extern' rel='nofollow'>Tauchbasis Kreidesee Campingplatz<\/a><\/h3>\n\t\n\t<div class=\"catablog-description\">\n\t\t<p>Cuxhavener Str. 1, 21745 Hemmoor<br \/>\r\nTel: 04771 7921, Fax: 04771 642612<br \/>\r\nEntfernung zur Oste > 1 Km,<br \/>\r\nEntfernung zum Kreidesee-Tauchstation 0,0 Km, Trockenraum<\/p>\n\t\t\n\t<\/div>\n\t\n<\/div><\/div><div class='catablog-navigation'><span class='catablog-navigation-link catablog-first-page-link catablog-disabled'><\/span> <\/div><\/p>\n<hr \/>\n<p><strong>Reisemobilstellpl\u00e4tze<\/strong><br \/>\n<div class='catablog-catalog'><div class='catablog-row reisemobilstellplaetze'>\n\t<div class=\"catablog-images-column\">\n\t\t<a href='https:\/\/tourismus-oste.de\/info\/wp-content\/uploads\/catablog\/originals\/dummy_gastgeber-17.jpg' class='catablog-image' target='extern' rel='nofollow'><img src=\"https:\/\/tourismus-oste.de\/info\/wp-content\/uploads\/catablog\/thumbnails\/dummy_gastgeber-17.jpg\" alt=\"\" \/><\/a>\n\t\t\n\t<\/div>\n\t\n\t<h3 class='catablog-title'>Reisemobilstellplatz<\/h3>\n\t\n\t<div class=\"catablog-description\">\n\t\t<p>Stellplatz, Parkplatz Festhalle<br \/>\r\nGartenstrasse, 21756 Osten<br \/>\r\nTel: 04771 3922<\/p>\n\t\t\n\t<\/div>\n\t\n<\/div><\/div><div class='catablog-navigation'><span class='catablog-navigation-link catablog-first-page-link catablog-disabled'><\/span> <\/div><\/p>\n","protected":false},"excerpt":{"rendered":"<p>Hotels Ferienh\u00e4user Ferienwohnungen Campingpl\u00e4tze Reisemobilstellpl\u00e4tze<\/p>\n","protected":false},"author":1,"featured_media":56,"parent":0,"menu_order":0,"comment_status":"closed","ping_status":"closed","template":"","meta":[],"_links":{"self":[{"href":"https:\/\/tourismus-oste.de\/info\/wp-json\/wp\/v2\/pages\/12"}],"collection":[{"href":"https:\/\/tourismus-oste.de\/info\/wp-json\/wp\/v2\/pages"}],"about":[{"href":"https:\/\/tourismus-oste.de\/info\/wp-json\/wp\/v2\/types\/page"}],"author":[{"embeddable":true,"href":"https:\/\/tourismus-oste.de\/info\/wp-json\/wp\/v2\/users\/1"}],"replies":[{"embeddable":true,"href":"https:\/\/tourismus-oste.de\/info\/wp-json\/wp\/v2\/comments?post=12"}],"version-history":[{"count":32,"href":"https:\/\/tourismus-oste.de\/info\/wp-json\/wp\/v2\/pages\/12\/revisions"}],"predecessor-version":[{"id":130,"href":"https:\/\/tourismus-oste.de\/info\/wp-json\/wp\/v2\/pages\/12\/revisions\/130"}],"wp:featuredmedia":[{"embeddable":true,"href":"https:\/\/tourismus-oste.de\/info\/wp-json\/wp\/v2\/media\/56"}],"wp:attachment":[{"href":"https:\/\/tourismus-oste.de\/info\/wp-json\/wp\/v2\/media?parent=12"}],"curies":[{"name":"wp","href":"https:\/\/api.w.org\/{rel}","templated":true}]}}